d derivative of 1/4*d**4 - 1/120*d**6 + 5/6*d**3 + 0 - 11*d**v + 0*d + 1/15*d**5. Calculate f(5).
10
Let k(m) be the third derivative of m**6/30 + m**5/15 - m**4/24 - m**3/3 - 6*m**2 - m - 20. Determine k(-3).
-71
Let h be 84/70*5/(-2). Let b(i) be the third derivative of -i**7/2520 + 7*i**5/60 - 7*i**2. Let j(n) be the third derivative of b(n). Give j(h).
6
Let d(p) = p**3 - 2*p**2 - 2*p + 4. Let o(v) = -v**3 - 17*v**2 - v - 5. Let i be o(-17). Let f be (-54)/63*(-56)/i. Determine d(f).
28
Let w(a) = -5*a - 9. Let k = 268 - 300. Let c be (3 + 18/(-12))*k/(-6). Give w(c).
-49
Let f(q) = -q**3 - 5*q**2 + 5*q - 6. Let k be f(-6). Let g(j) = 13 + 1416*j - j**2 - 1415*j + 7. Calculate g(k).
20
Suppose -4*p = -5*u + 8, 2*u = 5*p + 4 + 6. Suppose -t + 0*y = -y + 3, -1 = 2*t - y. Let m(b) = -8*b + 3 + 16*b - 6*b - 3*b**t. What is m(p)?
-13
Let n(f) be the second derivative of -29*f + f**2 + f**3 + 1/12*f**4 + 0. Determine n(-6).
2
Let a(w) = w**3 - 11*w**2 + 10*w + 4. Let t be 72/16 + 6 + (-21)/14. Calculate a(t).
-68
Suppose h = 3*b - 351, 0 = -4*b - 4*h + 6*h + 468. Let r = b - 115. Let z(n) = -21 - 11 + 26 + n**2 + r*n. Determine z(-6).
18
Let h(j) = -6*j - 1. Let r(i) = i. Suppose -3*a - 10 = -7. Let z(o) = a*h(o) - 5*r(o). Let s be z(-3). Let d(b) = -2*b**2 - b. Calculate d(s).
-6
Let w be 2/4*(621/(-27) + -5). Let q(i) = i**3 + 12*i**2 - 24*i + 16. What is q(w)?
-40
Let d(l) = l**3 - 17*l**2 - 4*l - 1. Suppose 0 = 2*z - r, -5*r + 8 - 2 = -4*z. Let y(p) = -2*p**2 - p - 1. Let n(h) = z*d(h) - 3*y(h). What is n(11)?
-9
Let y(r) = 2*r**2 - 4*r + 13. Let m(s) = 19*s**2 - 37*s + 117. Let v(o) = 3*m(o) - 28*y(o). Determine v(-9).
59
Let k(r) be the third derivative of r**6/120 - r**5/5 - r**4/2 + 3*r**3/2 - 2*r**2 - 20*r. Calculate k(13).
22
Suppose -5*o = -7 - 8. Let c(x) = 13*x**3 - 38*x**2 - 16*x - 8. Let a(y) = 3*y**3 - 9*y**2 - 3*y - 2. Let b(l) = 9*a(l) - 2*c(l). Determine b(o).
-5
Let x(j) = 1182*j + 1192*j + 1191*j + 8 - 3566*j. Suppose 0 = 4*v + 2*p, 0*v - p = -3*v. Calculate x(v).
8
Let x(q) = -13*q + 14. Suppose -57 = 12*c + 7*c. Let f(z) = -4*z + 1. Let k(b) = c*f(b) + x(b). What is k(4)?
7
Let u(n) = -5*n**2 + 38*n - 39. Let s(k) = -3*k**2 + 25*k - 26. Let w(v) = 8*s(v) - 5*u(v). Give w(-9).
-22
Let p(z) be the first derivative of z**5/20 + z**4/6 - z**3/3 + z**2/2 - 154*z + 10. Let t(j) be the first derivative of p(j). Determine t(2).
13
Let q(w) = -w**3 - 5*w**2 + 6*w + 30. Suppose s - 11*v - 30 = 0, 4*s + v + 16 = 1. What is q(s)?
-6
Let n(l) = -2*l**2 + l + 50. Let h be n(0). Suppose 6*a = 82 + h. Let s(m) = -23*m**2 + m + a*m**2 + m. Give s(3).
-3
Suppose -11*u = -14*u + 111. Suppose -2*y = y + t - u, 5*y = -3*t + 59. Let k(s) = -y*s**2 + 0*s**2 - s + 11*s**2 + 1. Give k(-2).
-5
Let f(r) = -r**3 - 11*r**2 - r + 4. Let t = -895 - -915. Let v be (-5)/t*-4*-11. What is f(v)?
15
Let m = 103 + -79. Suppose -j - 19 + m = 0. Let w(h) = h - 6. Calculate w(j).
-1
Let l = 18 - -24. Suppose -4*z = 2*z - l. Let y(h) = 2*h**3 - z - h**3 - 6*h + 3*h + 5*h**2 - 4*h. What is y(-6)?
-1
Let y(x) = 217*x - 5. Let v(n) = 174*n - 3. Let s(k) = -5*v(k) + 4*y(k). Give s(-4).
3
Let g(o) = o**3 - o**2 - o - 1. Let w(u) be the third derivative of -u**6/60 - u**5/30 + 7*u**4/24 + u**3/2 + 26*u**2. Let d(l) = 3*g(l) + w(l). What is d(4)?
0
Let n(b) = -1. Let c(l) = -2*l - 4. Let g(o) = -c(o) + 5*n(o). Suppose -73 = 30*q + 17. Determine g(q).
-7
Let a = 709 + -710. Let c(g) = -5*g**3 + 3*g**2 - g - 4. Let u(s) = -s**3 + s**2 - 1. Let b(w) = a*c(w) + 6*u(w). Give b(3).
1
Let o = 9 + -15. Let w be 8/(-10)*15/o. Let d(g) be the first derivative of -2*g**3/3 + g**2/2 - 315. What is d(w)?
-6
Suppose 0 = 3*k - j - 54, -2*k - 88 = 3*j - 102. Let f(p) = -4*p + 27. Determine f(k).
-37
Let o(n) = -104*n + 717. Let q be o(7). Let y(t) = t + 18. Calculate y(q).
7
Let t(m) be the first derivative of m**4/4 - 4*m**3/3 + m + 2806. Suppose -x - 4*b + 16 = 3*x, -4*x = b - 16. Give t(x).
1
Let s(a) = -9*a - 14. Let o(j) = 2*j + 2. Let p(w) = -6*o(w) - s(w). Give p(-2).
8
Let u(s) = s**3 + 25*s**2 - 52*s + 50. Let z(y) = -29*y**3 - 2*y**2 + 2*y + 2. Let r be z(1). Determine u(r).
-4
Let t(b) = b**2 + 7*b + 3. Let i = -114 + 141. Suppose -l = -5*w - 3*l - i, l + 16 = -3*w. Determine t(w).
-7
Let g(o) = 42*o**2 + o. Let h be g(-1). Let q be (75/10)/((-54)/(-12) - 4). Suppose q*f + 64 = -h. Let p(j) = -j**2 - 7*j - 10. Determine p(f).
-10
Let o(x) = x - 2. Let p = -47 + 33. Suppose -162 - 6 = 8*s. Let q be ((-8)/p)/2 - (-111)/s. Calculate o(q).
-7
Let w(v) = -5*v**2 + 6*v - 14. Let b = 21575 - 21571. Give w(b).
-70
Let z = 200 - 198. Let s(k) = -4 - 90*k - k**2 + z + 102*k. Give s(12).
-2
Let b(z) be the second derivative of z**4/2 - z**3/3 + 4376*z. What is b(-4)?
104
Let q(u) = -54*u + 144. Let x(z) = -11*z + 31. Let v(b) = -6*q(b) + 28*x(b). What is v(-1)?
-12
Let q be 1 + -8 + 0 + 0 - 185/(-37). Let h(b) = 1 + 14*b + 20*b - 29*b. What is h(q)?
-9
Suppose 0 = -u - 5*o + 23 + 15, 0 = o. Suppose -7*p + u = 3. Let v(z) be the first derivative of -z**3/3 + 3*z**2/2 - 6*z - 180. What is v(p)?
-16
Let w(o) = o**3 + 6*o**2 - 6*o - 1. Let h be (594/110)/((-12)/(-40)). Suppose -h*d + 105 = -33*d. Calculate w(d).
-8
Suppose -1436 = -161*h + 979. Let j(y) be the second derivative of 1/2*y**3 + 0 + h*y + 0*y**2. Determine j(3).
9
Let j(b) = -b**2 - 5*b - 11*b + 3 + 14*b. Let q be j(-4). Let s(g) be the third derivative of -g**6/120 - g**5/15 + g**4/6 + g**3/2 - 4*g**2. Calculate s(q).
8
Let a(x) = 13 + 551*x**2 - 2*x**3 + x + 3 - 559*x**2 + 6*x**3 - 5*x**3. Calculate a(-8).
8
Let p(l) = -l**2 - 23*l - 125. Let j(r) = -r**2 + 12*r - 46. Let h be j(5). Determine p(h).
7
Let q(z) = -z**2 - z. Suppose 5*i + d - 185 = 0, 31 = -i + 2*i - d. Let v = i + 2. Let t = v - 41. Calculate q(t).
-6
Let j(d) = d**2 - 2*d - 1. Let y = -10 - -12. Suppose -y*t - 16 = -3*t. Let c = 15 - t. Determine j(c).
2
Let s = -1499 - -1506. Let u(v) = -6*v**3 - 35*v**2 + v - 16. Let q(f) = 0 + f**3 + 6*f**2 + 3 + 2*f**2 - f**2. Let k(y) = -11*q(y) - 2*u(y). Determine k(s).
-15
Let p(z) be the third derivative of -5*z**4/24 - 7*z**3/6 - 6*z**2 - 140. Suppose -3*g - 3*g - 42 = 0. What is p(g)?
28
Suppose -13*z - 24 = 28. Let k(i) = i**3 - 3*i**2 + 1. Let m(n) = 2*n**2 + 3*n**2 + n - 1 + n**2 - 2*n**3 - n**3. Let w(p) = -5*k(p) - 2*m(p). What is w(z)?
-11
Let c(o) = -o**3 - 14*o**2 - 13*o - 22. Let b(f) = f**2 + 13. Let u(p) = -b(p) - c(p). Determine u(-12).
-3
Let x(v) be the third derivative of -12*v**2 + 0*v**3 + 1/6*v**4 + 0 + 0*v. Give x(-1).
-4
Suppose -12*h - 5 = -29. Let b(q) = -1433*q**h - 9 - 3 + 1434*q**2 + 1 + 10*q. Give b(-11).
0
Let t(b) = -2*b**2 + b + 5. Let f(l) = -2*l**3 - 24*l**2 + 4*l + 42. Let g(j) = -f(j) + 3*t(j). Determine g(-9).
-18
Let w(o) be the second derivative of -o**7/840 - o**6/90 + o**5/60 + o**4/4 - 29*o**3/6 - 72*o. Let a(i) be the second derivative of w(i). Calculate a(-4).
-2
Let y(z) = 4*z + 427*z**2 - 103*z**2 - 104*z**2 - 97 - 109*z**2 - 109*z**2. What is y(6)?
-1
Let p(y) = -56*y**2 + 33 + 34 - 53 + 55*y**2 - 4*y. Calculate p(-8).
-18
Let t(p) be the second derivative of -p**5/10 - p**4/6 - p**3/3 - p**2/2 + 6*p. Let m = 3722 + -3724. Give t(m).
11
Let z be 21*((-252)/(-27) + -10) - -8. Let j(k) = -29*k - 162. Determine j(z).
12
Suppose -5*u = 10, -3*u - 1 = h + 3. Suppose 3*n = h*c + 11, 7*c = 5*n + 4*c - 20. Let d = n + -15. Let q(a) = -a**3 - 8*a**2 + 3. Calculate q(d).
3
Let c be (3 - 2)*(0 + -5). Suppose -5*k + 307 = 4*g, 0*k - 2*k = g - 124. Let m(y) = -k + 188 - y - 67 - 64. Calculate m(c).
-1
Let u(p) be the third derivative of -p**5/60 - p**4/2 + 13*p**3/3 + 3*p**2 + 72. Calculate u(-15).
-19
Let k(h) = -2*h - 4. Let x be (-1)/3*(-96)/(-4). Let c(y) = y**2 + 5*y - 31. Let t be c(x). Determine k(t).
10
Let s(j) = -j**2 - 19*j - j**2 - 3 + 88*j - 11*j - 31*j. Calculate s(14).
-17
Let n(g) = 7*g**2 + 2*g - 1. Let k = 33 - 31. Suppose -4*t + 0*b = 3*b, -t + 2*b = -11. Suppose x = t*x - k. Calculate n(x).
8
Let s = -46 + 46. Suppose -4*u - 8 + 44 = s. Suppose 0 = -5*p + 7*p + r + u, 0 = -p - 3*r - 12. Let a(n) = -n**2 - 2*n. What is a(p)?
-3
Let s(i) = i - 4. Let q = 94 + -102. Let u be (-2)/1*(q - (-13)/2). What is s(u)?
-1
Let o(y) be the second derivative of -11*y**3/2 - y